77391 a prime number?
True
Is 28954543 a composite number?
True
Is 54093375499 a composite number?
True
Is 73911241 a composite number?
False
Is 88034743 composite?
True
Is 129339955 a composite number?
True
Is 5338481299 a prime number?
True
Is 4528881707 composite?
True
Is 283601537 prime?
True
Is 20326611731 prime?
False
Is 3299383043 prime?
False
Is 13621672991 composite?
False
Is 1964609161 a composite number?
True
Is 5504731871 a composite number?
False
Is 3290725049 a prime number?
True
Is 635156021 composite?
False
Is 194296503623 a composite number?
False
Is 3615752407 a composite number?
False
Is 8785004377 composite?
False
Is 448278333 prime?
False
Is 1984120043 prime?
True
Is 163631213 prime?
False
Is 125221003 a prime number?
False
Is 52403873 a prime number?
True
Is 96699890787 composite?
True
Is 85193709347 a composite number?
True
Is 43940461741 prime?
False
Is 6191206733 composite?
False
Is 9209849323 composite?
False
Is 3061349117 composite?
False
Is 114608162029 a composite number?
False
Is 567427739 a composite number?
True
Is 1247689451 prime?
True
Is 4776634787 composite?
False
Is 676743307 a prime number?
True
Is 4790890837 a prime number?
True
Is 72229151 a prime number?
True
Is 14681680957 composite?
True
Is 10353341 a composite number?
False
Is 4091861371 prime?
False
Is 21193080967 a composite number?
False
Is 15746144971 a prime number?
True
Is 1658067139 composite?
True
Is 24883061813 composite?
False
Is 4855326757 a composite number?
False
Is 1231439078 a composite number?
True
Is 59760532439 a prime number?
False
Is 3684993161 composite?
False
Is 2528542057 a prime number?
True
Is 1064933423 a composite number?
True
Is 1883966351 a composite number?
False
Is 7209946451 a prime number?
True
Is 1823273905 a composite number?
True
Is 34899731431 a composite number?
True
Is 1198284673 prime?
False
Is 1275130319 composite?
True
Is 24112229507 a composite number?
False
Is 581625059 prime?
True
Is 507757541 a composite number?
False
Is 24741970147 composite?
False
Is 1059379189 prime?
False
Is 52996282013 composite?
True
Is 40694633203 a composite number?
True
Is 602803837 composite?
False
Is 2858771009 a composite number?
True
Is 294287659 a composite number?
False
Is 2529573377 a composite number?
False
Is 7871093459 a composite number?
True
Is 2366614961 prime?
False
Is 62707559 prime?
False
Is 2032863277 a composite number?
False
Is 4970707783 composite?
False
Is 13150735379 composite?
False
Is 12273200101 composite?
False
Is 3191422211 a prime number?
False
Is 1764290263 composite?
False
Is 14849921701 a prime number?
True
Is 2238651089 prime?
True
Is 4665700009 a composite number?
False
Is 21275395 a composite number?
True
Is 5320782239 a composite number?
False
Is 504486779 a prime number?
True
Is 4164319347 prime?
False
Is 394387717 a prime number?
False
Is 2020943333 a prime number?
True
Is 707992357 prime?
False
Is 270678035257 a composite number?
True
Is 17863015519 a prime number?
True
Is 483032569 a prime number?
False
Is 5044964699 a composite number?
False
Is 109081140313 a composite number?
False
Is 2650496491 composite?
False
Is 9626797793 prime?
False
Is 25603167881 composite?
False
Is 71623471 prime?
True
Is 3441765893 composite?
False
Is 2349702881 a prime number?
True
Is 49298059 prime?
True
Is 991592291 prime?
False
Is 3578744333 a prime number?
False
Is 3210250423 a prime number?
True
Is 5995474579 composite?
False
Is 43427947457 prime?
False
Is 45606913789 prime?
False
Is 71230818317 prime?
True
Is 69647927 prime?
True
Is 100314656029 a prime number?
False
Is 6343983137 prime?
True
Is 55093841947 a prime number?
True
Is 75310831 a composite number?
True
Is 34647853829 prime?
False
Is 2278106119 a prime number?
True
Is 4623441343 a prime number?
True
Is 73130557 composite?
True
Is 6881857991 a prime number?
False
Is 17610407359 a composite number?
False
Is 37054313389 a composite number?
False
Is 35888331421 a composite number?
True
Is 15200885573 a prime number?
True
Is 300059339 a composite number?
False
Is 8785091699 a composite number?
False
Is 351498331 prime?
True
Is 13461796147 a composite number?
False
Is 1982605441 a prime number?
False
Is 12868795141 prime?
False
Is 8528345765 a prime number?
False
Is 36045192397 a composite number?
False
Is 3497854511 a composite number?
False
Is 2527049207 prime?
True
Is 4927193179 a prime number?
False
Is 1146751171 a prime number?
False
Is 13119583 a composite number?
True
Is 327023911 a composite number?
False
Is 61551631 a composite number?
False
Is 40209534107 composite?
False
Is 1865456419 a prime number?
False
Is 33433546483 composite?
False
Is 35171482867 prime?
False
Is 5800535483 composite?
False
Is 3093220003 a composite number?
False
Is 35879278213 a prime number?
True
Is 15366773143 a composite number?
True
Is 276240539 a prime number?
True
Is 559201661 composite?
True
Is 10898392421 a prime number?
False
Is 50969170247 a composite number?
False
Is 6820931099 prime?
False
Is 3905019467 a prime number?
False
Is 8499714149 a prime number?
True
Is 1692433865 a composite number?
True
Is 100463849 prime?
False
Is 2830869577 a prime number?
True
Is 96006701647 prime?
True
Is 502864979 a prime number?
True
Is 110170841657 composite?
False
Is 29428831 prime?
True
Is 86066889409 prime?
False
Is 337004531 composite?
False
Is 1492515709 a prime number?
True
Is 2505450683 a prime number?
True
Is 3050138141 composite?
True
Is 158270915951 prime?
False
Is 12809741341 a composite number?
True
Is 31062795901 a prime number?
True
Is 562513514 composite?
True
Is 20692311109 a composite number?
True
Is 21496229129 a prime number?
True
Is 3612971617 composite?
True
Is 1377393451 a prime number?
False
Is 547939099 prime?
True
Is 92965689967 a prime number?
True
Is 5639856137 a composite number?
True
Is 1856161003 prime?
True
Is 33783632783 a composite number?
False
Is 4390708291 a prime number?
True
Is 62860608599 prime?
True
Is 28909354711 composite?
False
Is 24082770001 prime?
False
Is 5754669581 composite?
False
Is 74768998687 a prime number?
False
Is 2741551411 a prime number?
True
Is 14954407849 prime?
False
Is 133441539095 composite?
True
Is 1180513655 prime?
False
Is 1363426835 composite?
True
Is 1921922477 a prime number?
False
Is 33003226163 a prime number?
False
Is 5535175526 a composite number?
True
Is 20874290431 a prime number?
False
Is 1567332343 a composite number?
False
Is 10695638489 a composite number?
False
Is 3392333107 a prime number?
True
Is 3560555303 composite?
False
Is 1448244913 composite?
False
Is 107351063 a composite number?
False
Is 1318054571 composite?
False
Is 6094998331 a composite number?
True
Is 19344431357 prime?
False
Is 441318047 a prime number?
True
Is 26023428659 prime?
True
Is 13891878599 composite?
False
Is 3740650699 prime?
True
Is 84013261147 prime?
True
Is 2051919343 prime?
True
Is 4954966238 a composite number?
True
Is 1285414253 composite?
False
Is 1499383693 prime?
True
Is 21749474377 prime?
False
Is 5198552191 a prime number?
False
Is 124650768503 a composite number?
False
Is 1279157921 composite?
True
Is 591768841 a prime number?
True
Is 111801497711 a prime number?
False
Is 779173280011 a composite number?
True
Is 5428082741 a prime number?
True
Is 164747976311 a prime number?
True
Is 446637223 prime?
True
Is 1831635067 composite?
True
Is 4825848343 composite?
True
Is 131159673713 a composite number?
True
Is 13874631 a composite number?
True
Is 165021847 a composite number?
False
Is 64113063317 a composite number?
False
Is 381362453 a prime number?
False
Is 3345297019 composite?
True
Is 12658077539 composite?
True
Is 2533205273 prime?
True
Is 20516795459 a composite number?
True
Is 5515954859 a prime number?
False
Is 910571989 composite?
False
Is 3126772631 a composite number?
False
Is 788024327 a prime number?
False
Is 1069392161 a prime number?
True
Is 168163399 composite?
True
Is 15305349803 a prime number?
True
Is 4494924757 composite?
False
Is 4426741153 a composite number?
False
Is 78601177 prime?
False
Is 60229056133 composite?
False
Is 14455625227 composite?
False
Is 10929572701 composite?
False
Is 1105764791 composite?
False
Is 134726765 a composite number?
True
Is 6958293283 composite?
False
Is